671575248?
2, 3, 11, 401, 17341
List the prime factors of 279939414.
2, 3, 467, 99907
What are the prime factors of 320607265?
5, 11, 5829223
What are the prime factors of 26175625?
5, 7, 31, 193
List the prime factors of 41374022.
2, 17, 149, 8167
List the prime factors of 40988411.
17, 197, 12239
What are the prime factors of 781987282?
2, 3923, 99667
What are the prime factors of 318108846?
2, 3, 11, 4819831
What are the prime factors of 527905501?
527905501
List the prime factors of 3246216.
2, 3, 41, 3299
What are the prime factors of 278048394?
2, 3, 13, 19, 62539
List the prime factors of 1015029150.
2, 3, 5, 6766861
List the prime factors of 1925001774.
2, 3, 440101
What are the prime factors of 4051170?
2, 3, 5, 45013
What are the prime factors of 192826560?
2, 3, 5, 200861
What are the prime factors of 76479077?
31, 443, 5569
What are the prime factors of 1150501048?
2, 571, 251861
What are the prime factors of 4093155188?
2, 151, 223, 30389
What are the prime factors of 192509750?
2, 5, 770039
List the prime factors of 1435174519.
19, 673, 112237
What are the prime factors of 952236636?
2, 3, 13, 59, 307, 337
List the prime factors of 31162121.
1987, 15683
List the prime factors of 60890254.
2, 1049, 29023
What are the prime factors of 243057951?
3, 23, 1174193
What are the prime factors of 302752834?
2, 157, 283, 3407
What are the prime factors of 5363257495?
5, 17, 227, 277961
What are the prime factors of 6931937?
17, 173, 2357
List the prime factors of 30719269.
7, 613, 7159
List the prime factors of 496787485.
5, 99357497
List the prime factors of 207964421.
7, 53, 560551
What are the prime factors of 94890171?
3, 31630057
What are the prime factors of 76609631?
7, 73, 149921
List the prime factors of 4425221514.
2, 3, 7, 139, 758003
List the prime factors of 31972219.
31972219
List the prime factors of 220820738.
2, 43, 2567683
List the prime factors of 6195058.
2, 37, 83717
What are the prime factors of 11147596?
2, 53, 52583
List the prime factors of 103065387.
3, 37, 293, 3169
What are the prime factors of 1170148317?
3, 13, 73, 411011
What are the prime factors of 52616829?
3, 47, 103, 3623
List the prime factors of 7203047.
109, 66083
What are the prime factors of 2416902534?
2, 3, 113, 571, 2081
List the prime factors of 38071836.
2, 3, 11, 73, 439
What are the prime factors of 159489897?
3, 7, 1933, 3929
What are the prime factors of 69515150?
2, 5, 131, 10613
List the prime factors of 182047963.
182047963
List the prime factors of 80964343.
31, 59, 44267
What are the prime factors of 273882454?
2, 19, 137, 52609
What are the prime factors of 83258214?
2, 3, 13, 17, 37, 1697
What are the prime factors of 65938794?
2, 3, 523, 21013
List the prime factors of 710635769.
509, 1396141
List the prime factors of 270541592.
2, 33817699
What are the prime factors of 3684286205?
5, 71, 10378271
List the prime factors of 114541585.
5, 47, 601, 811
List the prime factors of 259531976.
2, 11, 2949227
What are the prime factors of 325393771?
43, 659, 11483
What are the prime factors of 3745116751?
41, 3457, 26423
What are the prime factors of 157282795?
5, 3121, 10079
What are the prime factors of 1227697718?
2, 13, 149, 316907
List the prime factors of 96750637.
96750637
List the prime factors of 1667762347.
1667762347
List the prime factors of 297269376.
2, 3, 59, 13121
List the prime factors of 506382119.
569, 889951
What are the prime factors of 106217878?
2, 13, 269, 15187
What are the prime factors of 177009695?
5, 17, 683, 3049
List the prime factors of 986527974.
2, 3, 29, 811, 6991
List the prime factors of 395936227.
395936227
List the prime factors of 2062244518.
2, 1259, 819001
What are the prime factors of 62773700?
2, 5, 11, 149, 383
What are the prime factors of 681306210?
2, 3, 5, 13, 157, 3709
List the prime factors of 175853684.
2, 79, 383, 1453
List the prime factors of 164577946.
2, 13, 31, 113, 139
What are the prime factors of 106899978?
2, 3, 17, 43, 24373
List the prime factors of 348896249.
13, 26838173
What are the prime factors of 49715674?
2, 127, 195731
List the prime factors of 767632244.
2, 59, 3252679
What are the prime factors of 136609833?
3, 45536611
List the prime factors of 109266055.
5, 17, 19, 29, 2333
List the prime factors of 586930950.
2, 3, 5, 17, 73, 1051
List the prime factors of 1390118883.
3, 17, 59, 239, 1933
List the prime factors of 48558052.
2, 17, 461, 1549
What are the prime factors of 2679800285?
5, 1117, 479821
What are the prime factors of 458851505?
5, 7, 17, 771179
What are the prime factors of 220961003?
37, 5971919
List the prime factors of 111536309.
6221, 17929
List the prime factors of 3351079106.
2, 31, 54049663
List the prime factors of 89634970.
2, 5, 19, 107, 4409
What are the prime factors of 82111278?
2, 3, 13685213
List the prime factors of 465546926.
2, 13, 17905651
What are the prime factors of 610792932?
2, 3, 17, 2994083
What are the prime factors of 325256803?
139, 2339977
What are the prime factors of 5079535012?
2, 19, 66835987
What are the prime factors of 242481576?
2, 3, 67, 150797
List the prime factors of 419255670.
2, 3, 5, 2833, 4933
What are the prime factors of 31835292?
2, 3, 2652941
List the prime factors of 4922275713.
3, 179, 1063, 8623
List the prime factors of 863957448.
2, 3, 3999803
What are the prime factors of 568535933?
7, 81219419
List the prime factors of 527020875.
3, 5, 468463
What are the prime factors of 2128357520?
2, 5, 26604469
What are the prime factors of 2687127488?
2, 79, 233, 2281
List the prime factors of 7609446660.
2, 3, 5, 41, 3093271
What are the prime factors of 834847677?
3, 109, 851017
List the prime factors of 1501079207.
857, 1751551
List the prime factors of 720976911.
3, 240325637
What are the prime factors of 1688967804?
2, 3, 131, 457, 2351
What are the prime factors of 28035784?
2, 7, 683, 733
What are the prime factors of 150037186?
2, 13, 19, 61, 383
What are the prime factors of 1368964965?
3, 5, 137, 167, 3989
What are the prime factors of 66777147?
3, 379, 19577
What are the prime factors of 4338068?
2, 7, 22133
List the prime factors of 422921470.
2, 5, 23, 37, 49697
What are the prime factors of 5737967265?
3, 5, 382531151
List the prime factors of 113084920.
2, 5, 13, 29, 7499
What are the prime factors of 91421926?
2, 53, 862471
What are the prime factors of 393741056?
2, 79, 19469
What are the prime factors of 892972166?
2, 446486083
List the prime factors of 550741320.
2, 3, 5, 29, 71, 743
What are the prime factors of 20421952?
2, 319093
What are the prime factors of 2199821?
13, 169217
What are the prime factors of 15800505?
3, 5, 7, 29, 5189
List the prime factors of 1776966379.
1776966379
List the prime factors of 2199889859.
29, 31, 67, 36523
What are the prime factors of 7156036982?
2, 47, 1583, 48091
List the prime factors of 2461899594.
2, 3, 7, 11, 79, 67453
List the prime factors of 2780937305.
5, 31, 1499, 11969
What are the prime factors of 689785049?
283, 2437403
List the prime factors of 20485797.
3, 6828599
What are the prime factors of 6382393972?
2, 97, 16449469
List the prime factors of 579346011.
3, 23, 31, 137, 659
What are the prime factors of 583914?
2, 3, 307, 317
What are the prime factors of 2923749797?
433, 6752309
List the prime factors of 72773288.
2, 7, 23, 56501
List the prime factors of 31353952.
2, 7, 19, 53, 139
List the prime factors of 1656803128.
2, 207100391
What are the prime factors of 83636704?
2, 2613647
What are the prime factors of 774906248?
2, 23, 127, 33161
List the prime factors of 97782126.
2, 3, 13, 127, 9871
List the prime factors of 162523164.
2, 3, 13543597
What are the prime factors of 2148390997?
17, 313, 403757
List the prime factors of 685213018.
2, 7, 48943787
What are the prime factors of 78538674?
2, 3, 17, 769987
List the prime factors of 20279364.
2, 3, 7, 241421
List the prime factors of 3999836414.
2, 7, 19, 15036979
What are the prime factors of 133874372?
2, 33468593
List the prime factors of 55291042.
2, 31, 41, 21751
What are the prime factors of 571166278?
2, 47, 6076237
List the prime factors of 610820049.
3, 7, 449, 64781
List the prime factors of 80539852.
2, 457, 44059
List the prime factors of 8771688636.
2, 3, 2357, 31012